. What are the prime factors of t(c)?
3, 17
Let n(x) = -5*x - 5. Let m be n(-4). Let p be (36/m)/((-2)/(-30)). Suppose -l = l - p. List the prime factors of l.
2, 3
Let h = -1 - -2. Let l = h + 7. What are the prime factors of l?
2
Let v(x) = x - 2. Let y be v(7). Let l = y + -3. What are the prime factors of l?
2
Suppose -4*y + 4 = -0*y. Suppose -u = -y + 19. List the prime factors of ((-60)/u)/(1/3).
2, 5
Let a(b) = -b + 7. Let i = -3 - -7. Let w(p) = p - 8. Let h(o) = i*a(o) + 3*w(o). What are the prime factors of h(-6)?
2, 5
Suppose 5*s + 2*r - 1711 = 0, -s - 4*r + r = -337. What are the prime factors of s?
7
Suppose 6*n + 2*n - 640 = 0. What are the prime factors of n?
2, 5
Suppose 10 = j - 0. Suppose j = -4*s + 46. List the prime factors of s.
3
Suppose -2*f + 5*o + 102 = -15, o + 3 = 0. What are the prime factors of f?
3, 17
Let d be 15*((-21)/9 + 2). Let o = 13 + d. What are the prime factors of o?
2
Suppose 0 = -2*j + 1 + 3. Suppose -j*i - 3 = -4*r + 51, i = -5*r - 6. List the prime factors of (-69)/(-21) + 6/i.
3
Let v = 7 - 3. Suppose v*l - 7*l + 45 = 0. What are the prime factors of l?
3, 5
Let z be -1 + 38 + 1 + -3. Let m = -6 + z. What are the prime factors of m?
29
Suppose -2*j - 6 = -2. Let p = 11 - j. What are the prime factors of p?
13
Let k = -2 - 7. Let w be k - -2 - (-6 + 3). Let p = w - -12. List the prime factors of p.
2
Let o = -49 - -127. What are the prime factors of o?
2, 3, 13
Let v(h) be the third derivative of -h**6/120 + h**5/10 - 5*h**4/24 + h**3/3 - h**2. Let q be v(5). List the prime factors of q/(-6)*33*-1.
11
Suppose -q = -x - 11, -2*x + 42 = -6*x + 2*q. Let c = x + 18. List the prime factors of c.
2
Let r = 8 + -15. Let b(w) = -w - 8. Let c be b(r). Let p = c + 5. What are the prime factors of p?
2
Suppose 2*g + 138 = 5*g. Let q = g - 24. What are the prime factors of q?
2, 11
Let n = -21 + 35. What are the prime factors of (n - 2)*(-6)/(-4)?
2, 3
Let b = -8 - -89. What are the prime factors of b?
3
Let o = -308 + 78. What are the prime factors of o/(-20) + 2/4?
2, 3
Let g = -4 - -4. Suppose 5*z - 10 - 30 = g. Let v = z + 6. What are the prime factors of v?
2, 7
Let y = -468 - -787. What are the prime factors of y?
11, 29
Let y = -22 + 49. List the prime factors of y.
3
Let j = 198 - -35. List the prime factors of j.
233
Suppose -3*w + 59 = -3*d + 23, -w - 5*d = 0. Let z be 0*(-1)/(-6)*-3. Suppose -3*u + 4*b = -z*b - w, u + 4*b - 30 = 0. List the prime factors of u.
2, 5
Let i(v) = -3*v - 2. Let s be i(-4). Let g = 22 + s. Suppose 4*m - 4*p = g, -4*m - p + 12 = -5. What are the prime factors of m?
5
Suppose -21 - 9 = -5*w. Let i be w/((-2)/8*6). Let n = 20 + i. What are the prime factors of n?
2
Suppose -2*c + c - 43 = -3*f, -12 = 3*c. Let i be 1 + (-3 - (-10 - -2)). Let d = f - i. List the prime factors of d.
7
Suppose 0 = -3*f + 43 + 26. Let i = f - 9. List the prime factors of i.
2, 7
Let q(o) = -o - 5. Let f be q(-5). Let l = 3 - f. What are the prime factors of l?
3
Suppose 0*u + 4*u = 548. What are the prime factors of u?
137
Suppose 2*f - f = 4. Let j = f - 3. List the prime factors of 2/((4/22)/j).
11
Let a be (8/(-6))/(1/(-3)). Let q = a - -3. What are the prime factors of q?
7
Let y(n) = -n**3 - 2*n**2 + n + 2. Let d be y(-2). Let b(p) = -4 - 1 + d + 1 - p. List the prime factors of b(-11).
7
Suppose -4*n - 60 = -9*n. Suppose 2*p - 10 = -0*p. Suppose -n = -p*s + s. What are the prime factors of s?
3
Let p be (-9)/(-3) - 2/2. Suppose 3*n = -p*i + 29, -2*n + n + 13 = 4*i. List the prime factors of n.
3
Let o = 588 - 391. What are the prime factors of o?
197
Suppose 2*o - 4*i + 57 = 17, -5*i - 25 = 5*o. Let x be (-4)/o - (-154)/(-10). Let n = 26 + x. List the prime factors of n.
11
Suppose 16 = -2*y + 6*y. Let r be (0 - 0)*(-3)/3. Suppose q + r = y. List the prime factors of q.
2
Suppose 4*k + 0 = -4. Let m(u) be the second derivative of -17*u**5/20 - u**4/12 - u**3/6 - u**2/2 + 2*u. What are the prime factors of m(k)?
2
Suppose 680 = 8*b - 0*b. List the prime factors of b.
5, 17
Let l = -76 + 128. Suppose 0*y - 4*y + l = 0. List the prime factors of y.
13
Let t(b) = 4*b - 10. Let g(r) = -5*r + 25. Let w(s) = -9*s + 51. Let o(j) = -9*g(j) + 4*w(j). Let f(q) = 3*o(q) - 7*t(q). List the prime factors of f(5).
2
Suppose 0 = 4*i + v - 12, 0*i + 3*v = -i + 3. List the prime factors of i/(-4) + 124/16.
7
Suppose -56 = -8*k + 6*k. Let u = -10 + k. List the prime factors of u.
2, 3
Suppose -3*r + 13 = -86. What are the prime factors of r?
3, 11
Let v(n) = -n**3 + 6*n**2 + 9*n - 2. Let a be v(7). Suppose 0 = -h + 6*h + 2*z - a, 4 = -z. What are the prime factors of h?
2
Let o be 304/5 - 20/25. Let u = -15 + o. What are the prime factors of u?
3, 5
Suppose r + 168 = 4*r. Let v = -11 + r. Suppose -2*p + v = p. What are the prime factors of p?
3, 5
Suppose 3*o = -2*l - 2*l - 44, l - 3*o - 4 = 0. What are the prime factors of 4/(2 - (-14)/l)?
2
Let f(b) be the second derivative of -2*b**3/3 - b**2/2 - 3*b. List the prime factors of f(-3).
11
Suppose -7*x - 7 = 4*r - 4*x, 0 = -x - 1. Let b = 2 - r. List the prime factors of b.
3
Suppose v - 25 = -i, -4*i - v = -7*i + 67. List the prime factors of i.
23
Let c(v) = 35*v**3 + 3*v**2 - 6*v + 9. List the prime factors of c(2).
17
Let u(r) = 4*r**2 - 1. Let k be u(-2). Suppose -v = -m - 2*m - k, 3 = -3*m - 3*v. Let j = 6 + m. What are the prime factors of j?
2
Let d = -27 - -149. List the prime factors of d.
2, 61
Let x = 80 - 51. List the prime factors of x.
29
Let a(g) = 3*g + 1. Let k be (3 + 3)*(-2)/(-4). List the prime factors of a(k).
2, 5
Let y(t) = -t**3 + 3*t**2 + 5*t - 1. Let f be y(4). Let c(g) = g**2 + g - 2. List the prime factors of c(f).
2, 5
Let s = 37 - 21. What are the prime factors of s?
2
Let m(w) = -w**2 + 9*w - 7. Let b be ((-2)/(-6))/((-3)/(-54)). What are the prime factors of m(b)?
11
Let v(h) = -11*h - 8. List the prime factors of v(-4).
2, 3
Let j(z) = z - 39. Let o be j(0). Let l = 64 + o. What are the prime factors of l?
5
Let f be (2 + 4/(-2))/(-1). Suppose f = 2*t + 2*t - 60. What are the prime factors of t?
3, 5
Suppose 4*u + 8 = -8, -u = -o + 53. What are the prime factors of o?
7
Suppose -5*b = -5, 3*b - b - 1 = -a. What are the prime factors of 57*a*7/(-21)?
19
Suppose -4*o + 645 = o + 5*s, -5*o + 3*s + 661 = 0. List the prime factors of o.
131
Suppose 193 + 87 = 5*g. List the prime factors of g.
2, 7
Let n(g) = 0*g**3 + 9 + 5*g**2 + 3*g - 11 - g**3. What are the prime factors of n(3)?
5
Let d = 29 + 56. What are the prime factors of d?
5, 17
Let m(g) = -g**3 + 9*g**2 + 7*g - 3. What are the prime factors of m(7)?
2, 3
Let u = 1287 - 907. List the prime factors of u.
2, 5, 19
Let i be 28/42*(-222)/(-4). Suppose 80 = i*v - 32*v. List the prime factors of v.
2
Suppose 0 = -5*q - 2*b + b + 11, b = -3*q + 5. Suppose q*w - 10 = w. What are the prime factors of w?
5
Let o = 471 + -270. What are the prime factors of o?
3, 67
Suppose -y + 3 = -0*y. Suppose -y*u + 31 = -5*s, 6*u + 5*s = u + 65. What are the prime factors of u?
2, 3
Suppose -4 = -3*z - 16, 4*t - 508 = 3*z. Let f = -83 + t. What are the prime factors of f?
41
What are the prime factors of -7*1*732/(-21)?
2, 61
Suppose -2*k = 2*o + 20, -o - 5*k + 3*k = 8. Let w(p) = p**2 - 4*p - 3. Let m be w(6). Let q = m - o. What are the prime factors of q?
3, 7
Let w = 17 + -11. List the prime factors of (7 - w) + (-60)/(-2).
31
Let i = 2 - 6. What are the prime factors of i/14*(-8 + 1)?
2
Let m be -3*3/((-9)/3). Let y = 12 + m. List the prime factors of y.
3, 5
Let c(t) = -t**2 + t. Let f be c(1). Suppose -10 = -3*a - 1. Suppose a*k - 5 - 1 = f. What are the prime factors of k?
2
Let x(z) = -32*z - 11. Let s(g) = -21*g - 7. Let c(q) = -8*s(q) + 5*x(q). What are the prime factors of c(6)?
7
Suppose -2*z = 2*z. Suppose -3*t + 5 + 4 = z. Suppose -2*k = -t - 1. List the prime factors of k.
2
Let q = 94 + -18. What are the prime factors of q?
2, 19
Let b be 1 + 0 + (-1 - -14). Suppose 4*y = b + 6. List the prime factors of y.
5
Let j be 24/(6/3) - 3. Suppose 6*w - 53 = 2*w - 5*y, 3*y + j = 0. What are the prime factors of w?
17
Let j = 111 + -60. What are the prime factors of j?
3, 17
Let h be 2/4 - 6/4. Let b(u) = 15*u**2 + 1. List the prime factors of b(h).
2
Let p(d) = -12*d - 11. What are 